{"id":15,"date":"2021-05-27T19:21:30","date_gmt":"2021-05-27T19:21:30","guid":{"rendered":"http:\/\/www.compadd.ufpr.br\/?page_id=15"},"modified":"2021-06-23T13:45:45","modified_gmt":"2021-06-23T13:45:45","slug":"projetos-em-andamento","status":"publish","type":"page","link":"http:\/\/www.compadd.ufpr.br\/?page_id=15","title":{"rendered":"Projetos em Andamento"},"content":{"rendered":"[vc_row][vc_column][vc_single_image image=&#8221;214&#8243;][vc_column_text]\n<h2><b>YouTube: plataforma pol\u00edtica e subestimada<\/b><\/h2>\n<p><span style=\"font-weight: 400;\">Desde 2020, integrantes do COMPADD verificaram que o YouTube \u00e9 uma plataforma pouco estuda pela ci\u00eancia brasileira, mesmo se tratando de um dos principais meios de circula\u00e7\u00e3o de discursos extremistas e mesmo de fake News.\u00a0 O projeto busca acompanhar sistematicamente diversos canais produtores de desinforma\u00e7\u00e3o da nova direita e da extrema-direita em termos de produ\u00e7\u00e3o de v\u00eddeos, conex\u00f5es de rede e coment\u00e1rios para se verificar como se d\u00e1 a \u201cesfera p\u00fablica digital\u201d na plataforma. Al\u00e9m da an\u00e1lise de redes e de coment\u00e1rios, o grupo tenta desenvolver estrat\u00e9gias para an\u00e1lise de v\u00eddeos.<\/span>[\/vc_column_text][vc_empty_space][vc_single_image image=&#8221;215&#8243;][vc_column_text]\n<h2><b>Instagram: a constru\u00e7\u00e3o da imagem da imagem dos pol\u00edticos<\/b><\/h2>\n<p><span style=\"font-weight: 400;\">Assim como o YouTube, o Instagram ainda n\u00e3o recebeu a devida aten\u00e7\u00e3o acad\u00eamica, mesmo se tratando de uma rede social que gradativamente recebe mais aten\u00e7\u00e3o entre celebridades e pol\u00edticos. Aqui, em especial, detemo-nos sobre o uso da plataforma por pol\u00edticos profissionais e pela forma como constroem as suas imagens no Instagram seguindo a pr\u00f3pria l\u00f3gica do meio. O maior desafio deste projeto est\u00e1 na an\u00e1lise combinada de texto, imagens e pequenos v\u00eddeos (stories) t\u00e3o caracter\u00edsticos dessa rede social.<\/span>[\/vc_column_text][vc_empty_space][vc_single_image image=&#8221;216&#8243;][vc_column_text]\n<h2><b>Cientometria do campo e an\u00e1lise do uso de t\u00e9cnicas de pesquisa<\/b><\/h2>\n<p><span style=\"font-weight: 400;\">Apesar de n\u00e3o estar contido em nossas duas linhas de pesquisa, temos um terceiro projeto de pesquisa que desenvolvemos em parceria com o grupo LaCC do PPGCP da UFPR. Aqui, o objetivo principal \u00e9 fazer revis\u00f5es de literatura cient\u00edficas (revis\u00f5es de escopo ou sistem\u00e1ticas) sobre tem\u00e1ticas da comunica\u00e7\u00e3o pol\u00edtica e\/ou da democracia digital, buscando dar outras contribui\u00e7\u00f5es ao campo. Recentemente, come\u00e7amos a verificar o pr\u00f3prio uso das t\u00e9cnicas de pesquisa pelos cientistas brasileiros, come\u00e7ando pela \u201can\u00e1lise de conte\u00fado\u201d, buscando verificar quais s\u00e3o as principais refer\u00eancias, a qualidade de sua aplica\u00e7\u00e3o e apontar lacunas e caminhos para seu incremento. Este projeto conta com parceria com o PPGCOM da UFC.\u00a0\u00a0<\/span>[\/vc_column_text][\/vc_column][\/vc_row]\n","protected":false},"excerpt":{"rendered":"<p>[vc_row][vc_column][vc_single_image image=&#8221;214&#8243;][vc_column_text] YouTube: plataforma pol\u00edtica e subestimada Desde 2020, integrantes do COMPADD verificaram que o YouTube \u00e9 uma plataforma pouco estuda pela ci\u00eancia brasileira, mesmo se tratando de um dos principais meios de circula\u00e7\u00e3o de discursos extremistas e mesmo de&hellip;<\/p>\n","protected":false},"author":1,"featured_media":0,"parent":11,"menu_order":0,"comment_status":"closed","ping_status":"closed","template":"","meta":[],"_links":{"self":[{"href":"http:\/\/www.compadd.ufpr.br\/index.php?rest_route=\/wp\/v2\/pages\/15"}],"collection":[{"href":"http:\/\/www.compadd.ufpr.br\/index.php?rest_route=\/wp\/v2\/pages"}],"about":[{"href":"http:\/\/www.compadd.ufpr.br\/index.php?rest_route=\/wp\/v2\/types\/page"}],"author":[{"embeddable":true,"href":"http:\/\/www.compadd.ufpr.br\/index.php?rest_route=\/wp\/v2\/users\/1"}],"replies":[{"embeddable":true,"href":"http:\/\/www.compadd.ufpr.br\/index.php?rest_route=%2Fwp%2Fv2%2Fcomments&post=15"}],"version-history":[{"count":5,"href":"http:\/\/www.compadd.ufpr.br\/index.php?rest_route=\/wp\/v2\/pages\/15\/revisions"}],"predecessor-version":[{"id":217,"href":"http:\/\/www.compadd.ufpr.br\/index.php?rest_route=\/wp\/v2\/pages\/15\/revisions\/217"}],"up":[{"embeddable":true,"href":"http:\/\/www.compadd.ufpr.br\/index.php?rest_route=\/wp\/v2\/pages\/11"}],"wp:attachment":[{"href":"http:\/\/www.compadd.ufpr.br\/index.php?rest_route=%2Fwp%2Fv2%2Fmedia&parent=15"}],"curies":[{"name":"wp","href":"https:\/\/api.w.org\/{rel}","templated":true}]}}

[vc_row][vc_column][vc_single_image image=&#8221;214&#8243;][vc_column_text]
<h2><b>YouTube: plataforma política e subestimada</b></h2>
<p><span style="font-weight: 400;">Desde 2020, integrantes do COMPADD verificaram que o YouTube é uma plataforma pouco estuda pela ciência brasileira, mesmo se tratando de um dos principais meios de circulação de discursos extremistas e mesmo de fake News.  O projeto busca acompanhar sistematicamente diversos canais produtores de desinformação da nova direita e da extrema-direita em termos de produção de vídeos, conexões de rede e comentários para se verificar como se dá a “esfera pública digital” na plataforma. Além da análise de redes e de comentários, o grupo tenta desenvolver estratégias para análise de vídeos.</span>[/vc_column_text][vc_empty_space][vc_single_image image=&#8221;215&#8243;][vc_column_text]
<h2><b>Instagram: a construção da imagem da imagem dos políticos</b></h2>
<p><span style="font-weight: 400;">Assim como o YouTube, o Instagram ainda não recebeu a devida atenção acadêmica, mesmo se tratando de uma rede social que gradativamente recebe mais atenção entre celebridades e políticos. Aqui, em especial, detemo-nos sobre o uso da plataforma por políticos profissionais e pela forma como constroem as suas imagens no Instagram seguindo a própria lógica do meio. O maior desafio deste projeto está na análise combinada de texto, imagens e pequenos vídeos (stories) tão característicos dessa rede social.</span>[/vc_column_text][vc_empty_space][vc_single_image image=&#8221;216&#8243;][vc_column_text]
<h2><b>Cientometria do campo e análise do uso de técnicas de pesquisa</b></h2>
<p><span style="font-weight: 400;">Apesar de não estar contido em nossas duas linhas de pesquisa, temos um terceiro projeto de pesquisa que desenvolvemos em parceria com o grupo LaCC do PPGCP da UFPR. Aqui, o objetivo principal é fazer revisões de literatura científicas (revisões de escopo ou sistemáticas) sobre temáticas da comunicação política e/ou da democracia digital, buscando dar outras contribuições ao campo. Recentemente, começamos a verificar o próprio uso das técnicas de pesquisa pelos cientistas brasileiros, começando pela “análise de conteúdo”, buscando verificar quais são as principais referências, a qualidade de sua aplicação e apontar lacunas e caminhos para seu incremento. Este projeto conta com parceria com o PPGCOM da UFC.  </span>[/vc_column_text][/vc_column][/vc_row]

<p>[vc_row][vc_column][vc_single_image image=&#8221;214&#8243;][vc_column_text] YouTube: plataforma política e subestimada Desde 2020, integrantes do COMPADD verificaram que o YouTube é uma plataforma pouco estuda pela ciência brasileira, mesmo se tratando de um dos principais meios de circulação de discursos extremistas e mesmo de&hellip;</p>
